is the hundreds digit of q?
8
Let p = -26 + -8. Let d = p + 38. Suppose -d*w = -7*w + 165. What is the tens digit of w?
5
Let k(m) = 1786*m + 160. What is the hundreds digit of k(5)?
0
Suppose 18*w - 236699 - 48194 = -55411. What is the units digit of w?
9
Suppose 0 = -3*d + 3737 + 946. Suppose -5*r + 3*f - 193 = -1772, 0 = -5*r - 3*f + d. What is the tens digit of r?
1
Suppose 5*d + 3*z = 28182, -3*d - 22556 = -7*d - 5*z. What is the units digit of d?
4
Let a = 4293 - 3480. What is the units digit of a?
3
Suppose 0 = 7*r + 19 - 61. Let h(c) = -18*c - 43. Let q(m) = -9*m - 22. Let n(d) = 3*h(d) - 7*q(d). What is the tens digit of n(r)?
7
What is the ten thousands digit of (-1077)/(-19386) + 1534643/18?
8
Suppose -545480 = -17*g - 48*g. What is the thousands digit of g?
8
Suppose 3*v + 37 = -y, 4*y + y = 5*v + 55. What is the hundreds digit of (v/(-16))/((-48)/(-10688))?
1
Let d = 45047 - 23020. What is the ten thousands digit of d?
2
Let h(z) = 492*z + 4403. What is the ten thousands digit of h(56)?
3
Let i(x) = x**3 + 17*x**2 + 10*x - 2. Let f = 41 - 48. What is the tens digit of i(f)?
1
Let s = 10091 + 6024. What is the tens digit of s?
1
Let a(m) be the first derivative of -m**4/2 - 2*m**3 + 11*m**2/2 - 14*m - 101. What is the tens digit of a(-9)?
5
Let p be 1464/(-16)*(-16)/6. Suppose 4*u = -3*j + 516, -2*u + 2*j = -0*u - p. What is the units digit of u?
6
Let t = 5792 + -904. Suppose -30*h + t = -4*h. What is the hundreds digit of h?
1
What is the tens digit of 8/12*(393705/(-6))/(-5)?
4
Suppose -125*r + 138*r = 26. What is the tens digit of ((-79)/(-4)*r)/(9/18)?
7
What is the tens digit of (0 + 85 + 0)/(19 - (-16884)/(-889))?
9
Let s = 247 + -242. Suppose -s*z + 8*b + 572 = 11*b, 3*z + 5*b - 340 = 0. What is the units digit of z?
5
Suppose v = -v. Suppose -w + 2*j = -4, 2*w + 5*j + 1 + 9 = v. Suppose -5*z - 20 = w, 0*z - 125 = -3*t - z. What is the units digit of t?
3
Let r = -2340 + 2401. What is the units digit of r?
1
Let y be (-10)/(-15) - 3049/(-3). Let i = y - 595. What is the units digit of i?
2
Let z be (-3)/1 + (10 - -3). Suppose 28 = 4*t + 4*o, 2*o - z = -0*o. What is the tens digit of t + 0/(-5) + 40?
4
Let p = 32602 + -18915. What is the tens digit of p?
8
What is the hundreds digit of (-317)/29 - (-76)/(-1102) - -20507?
4
Let m = -39 - -43. Suppose -3*h = 4*g + 29, -2*g + m*h + 7 = -g. What is the units digit of (1/3)/(g/(-945))?
3
Suppose 110*h - 112*h + 18570 = 0. Let c be -3*((-3)/(-4) - h/(-36)). What is the units digit of c/(-10) + (-11)/((-385)/14)?
8
Let f(h) = 115*h**3 + 35*h**2 - 146*h + 10. What is the hundreds digit of f(5)?
5
What is the ten thousands digit of (30*7 + 5 + -5)/((-8)/(-2344))?
6
Let m(k) = 7*k + 17. Let z be m(5). Suppose -5*w = -2 - 18, 0 = -3*d - 4*w + z. Let n = d + 23. What is the units digit of n?
5
Suppose 736 = 38*k + 8*k. Let v(u) = 3*u + 4 - 2 - 40. What is the units digit of v(k)?
0
Suppose -7*w + 12 + 2 = 0. Suppose -w*i + 1 = -5. Suppose -23 = r - 2*r - 3*b, i*b = 3*r - 45. What is the tens digit of r?
1
Let n(f) = 7683*f**2 + 277*f + 548. What is the tens digit of n(-2)?
2
What is the units digit of 6157704/88 + 3/33?
4
Let l(h) be the first derivative of 61*h**2/2 + 332*h + 222. What is the tens digit of l(7)?
5
Suppose 0 = -m - 2*m + 93. Suppose 3*h - 6 = -2*q, -3*h + 4*h + 6 = 2*q. Suppose h = -m*p + 28*p + 102. What is the units digit of p?
4
Let s = 1985 - 917. Suppose 0 = 4*q - 4*w - s, 3*q - 2*w = 386 + 412. Let n = q - 152. What is the units digit of n?
2
Let i = 94324 + -61377. What is the ten thousands digit of i?
3
Let y = 9979 + -5491. What is the thousands digit of y?
4
Let j(a) = a**2 - 39*a + 542. What is the thousands digit of j(-80)?
0
Let x(q) = -7*q**2 + 297*q - 147. What is the units digit of x(32)?
9
Suppose 35 + 13 = -2*l. Let g be l/(-60) - (-18)/5. Suppose -3*s + 0*s - 2*t = -152, -g*s + 210 = -t. What is the tens digit of s?
5
Let h be (-4 + 3)/(2/(-10)). Suppose 8*m - 10*m = 4*d - 902, 4*m = -h*d + 1132. What is the units digit of d?
4
Suppose -2*r = -v - 16584, -4*r - 2365 + 35569 = 4*v. What is the tens digit of r?
9
Suppose -253*l + 2463857 = -81829. What is the tens digit of l?
6
Let d = 51 + -41. Let v(r) = -r**3 + 11*r**2 - 10*r - 7. Let w be v(d). Let a(c) = -c**2 - 11*c - 2. What is the tens digit of a(w)?
2
Let o = 106 - 43. Let a = o + 79. What is the hundreds digit of a?
1
Let y = 3945 - -730. What is the hundreds digit of y?
6
Let n = -1169 - -1169. Let r be 18/15*(-10)/(-3). Suppose r*k + 5*q - 218 = n, -2*q = -1 - 3. What is the units digit of k?
2
Suppose 6*x + 1 = 7*x. Let a be 20/8 + 9/6*x. Suppose 8 = -a*h, -2*g - 3*h = g - 363. What is the hundreds digit of g?
1
Let d be (-6)/12*(-4119 + 1). Let i = d + -1323. What is the hundreds digit of i?
7
Let x = 570 - 590. What is the tens digit of (-5)/x + (-24018)/(-24)?
0
Let h(r) = -326*r**3 - 10*r**2 + 27*r + 56. Let d(f) = 109*f**3 + 3*f**2 - 9*f - 18. Let q(i) = -7*d(i) - 2*h(i). What is the hundreds digit of q(-2)?
8
Let f = 1687 + -1002. Suppose 10*l + f = -45. Let x = l + 188. What is the units digit of x?
5
Suppose 5*g - 56 = 4*f, -5*g + 59 = -2*f + 11. Suppose 2367 = 3*p + 3*a, 0 = -g*a + 4*a - 4. What is the hundreds digit of p?
7
Let g(c) = -2*c**2 - 5*c - 17. Let j be g(-4). Let i = 35 + j. Suppose 3*k - 5*h - 134 = 0, 3*k + i*h - 184 = h. What is the units digit of k?
3
Let u(g) = 80*g**2 - 211*g + 1426. What is the tens digit of u(7)?
6
Let s = -91 - -258. Suppose -43*c + 926 = -40*c + n, 0 = -2*c - n + 619. Let f = c - s. What is the units digit of f?
0
Suppose -4*s + 7451 = 2803. Suppose 4*o - 278 = s. Suppose 7*z + 150 = o. What is the units digit of z?
0
Let g = -75 - -79. Suppose 12 = g*m - o, o = 4*o. Suppose t + 1 = -0, 2*w - m*t = 395. What is the hundreds digit of w?
1
Suppose -56*n + 8 = -52*n. What is the tens digit of (62 + -69)*(n + 3016/(-14))?
9
Let x(w) = -w**3 - 2*w**2 - 4*w + 12. Let m be x(-6). What is the units digit of ((-843)/(-15) + 3)/(24/m)?
4
Suppose 3*l + 1740 = 5*l. Let w = -619 + l. Suppose -w = -2*c + 21. What is the hundreds digit of c?
1
Let y(b) = 39*b - 206. Let i(z) = 20*z - 104. Let o(q) = 11*i(q) - 6*y(q). What is the units digit of o(-29)?
8
Let j(u) = 118*u**2 - 3*u + 2. Let t be j(1). Let n be 54/13 + (-18)/t. Suppose -4*k + 65 = -3*p, -6*p = -n*k - p + 55. What is the tens digit of k?
2
Suppose 2*j + 5*t - 43 = 0, 2*t - 4 = -2*j + 36. Suppose -23*w + j*w = -1188. What is the hundreds digit of w?
2
What is the units digit of ((-19)/(-38))/(1/(-12)) + 5876?
0
Suppose -i + 10636 = -64*w + 68*w, 0 = 5*w + 3*i - 13302. What is the tens digit of w?
5
Let p = 90 - 90. Suppose p = 11*y - 14*y - 78. Let u = 64 + y. What is the tens digit of u?
3
Suppose -t + 0*t - 4 = 0, -3*t + 19097 = j. What is the hundreds digit of j?
1
Let d(z) be the second derivative of z**5/20 + z**4/2 - 2*z**3/3 + 7*z**2/2 - 10*z - 5. What is the tens digit of d(7)?
1
Let m(w) = -90*w + 1538. What is the tens digit of m(-29)?
4
Suppose -3002063 = -53*w + 1219652. What is the units digit of w?
5
Let w be (46/(-5)*-1)/(4/10). Suppose -21*h = -w*h + 452. What is the hundreds digit of h?
2
Let w(p) = p**3 - 159*p**2 + 2342*p - 138. What is the tens digit of w(146)?
8
Suppose 0 = -0*v + 8*v - 760. Suppose 20 = -90*l + v*l. What is the units digit of (2 - (3 + l/(-2)))*173?
3
Let v = -128 - -137. Let a = v + 6. What is the tens digit of a?
1
Let w(q) = q**3 - 8*q + 1. Let v be w(-3). Let c be 40707/(-99) + v/(-11). What is the tens digit of (-3)/6*(-8)/(-12)*c?
3
Let i(k) = 33*k + 9. Let z be i(2). Suppose -5*m = 3*y - 141 - 64, -y + 5*m + z = 0. What is the tens digit of y?
7
Let s = 167 + -165. Suppose 0 = 5*l + 2*v - 1334, -s*v - 544 - 516 = -4*l. What is the hundreds digit of l?
2
Suppose 0 = -4*j - 2*m + 18, 3*m - 2*m = 4*j - 3. Let u = j - -8. Suppose -t - 3*t + 44 = -4*c, 5*c = u. What is the units digit of t?
3
Let u be (0/(5 - 3))/1. Let z be -6 + 6 - u/(-1 - -2). Suppose z = -5*v + 24 + 231. What is the units digit of v?
1
Let o(i) = 29*i**2 - 4*i - 22. What is the units digit of o(6)?
8
Suppose -2*n + 2*y + 6835 + 13657 = 0, -3*n = 3*y - 30768. What is the ten thousands digit of n?
1
What is the tens digit of (16 - 23) + 19 + 8307?
1
Let v be 3 + -2 - (6 - 8). Suppose